{"id":510,"date":"2017-06-12T07:53:47","date_gmt":"2017-06-12T07:53:47","guid":{"rendered":"https:\/\/victorthemes.com\/themes\/roof\/?page_id=510"},"modified":"2022-10-10T21:11:27","modified_gmt":"2022-10-10T14:11:27","slug":"partners","status":"publish","type":"page","link":"https:\/\/maycaolongheo.com\/?page_id=510","title":{"rendered":"Kh\u00e1ch H\u00e0ng &#038; \u0110\u1ed1i T\u00e1c"},"content":{"rendered":"<p>[vc_row][vc_column]<div class=\"about-wrap about-one about-69ddf14a99a8e \"><div class=\"roof-picture\"><img decoding=\"async\" src=\"\" alt=\"Author\"><\/div><div class=\"about-info \"><h5>Kh\u00e1ch H\u00e0ng Tin T\u01b0\u1edfng Ch\u00fang T\u00f4i<\/h5><h3>Uy t\u00edn \u2013 Ch\u1ea5t l\u01b0\u1ee3ng \u2013 \u0110\u00fang ti\u1ebfn \u0111\u1ed9<\/h3><p>Ch\u00fang t\u00f4i ng\u00e0y c\u00e0ng tr\u01b0\u1edfng th\u00e0nh v\u00e0 ph\u00e1t tri\u1ec3n nhi\u1ec1u h\u01a1n \u0111\u1ec3 \u0111\u00e1p s\u1ef1 k\u1ef3 v\u1ecdng c\u1ee7a kh\u00e1ch h\u00e0ng.<\/p>\n<\/div><\/div>[\/vc_column][\/vc_row][vc_row overlay_dotted=&#8221;&#8221;][vc_column][vc_column_text css=&#8221;.vc_custom_1595225902221{margin-top: 50px !important;margin-right: 0px !important;margin-bottom: 0px !important;margin-left: 0px !important;border-top-width: 0px !important;border-right-width: 0px !important;border-bottom-width: 0px !important;border-left-width: 0px !important;padding-top: 0px !important;padding-right: 0px !important;padding-bottom: 0px !important;padding-left: 0px !important;}&#8221;]<h3 class=\"detail-title\">Kh\u00e1ch H\u00e0ng &amp; \u0110\u1ed1i T\u00e1c<\/h3>[\/vc_column_text][\/vc_column][\/vc_row][vc_row][vc_column width=&#8221;1\/4&#8243; css=&#8221;.vc_custom_1497255310694{margin-top: 0px !important;margin-bottom: 0px !important;padding-top: 0px !important;padding-bottom: 0px !important;}&#8221;]<div class=\"partners-wrap  partner-69ddf14a99c29 \"><div class=\"partner-item\"><div class=\"roof-picture\"><img decoding=\"async\" src=\"https:\/\/maycaolongheo.com\/wp-content\/uploads\/2022\/10\/kh9.png\" alt=\"\"><\/div><div class=\"partner-info\"><h5 class=\"partner-title\"><\/h5><div class=\"partner-website\"><div class=\"partner-website\"><\/div><\/div><\/div><\/div><\/div><div class=\"partners-wrap  partner-69ddf14a99f56 \"><div class=\"partner-item\"><div class=\"roof-picture\"><img decoding=\"async\" src=\"https:\/\/maycaolongheo.com\/wp-content\/uploads\/2022\/10\/kh9.png\" alt=\"\"><\/div><div class=\"partner-info\"><h5 class=\"partner-title\"><\/h5><div class=\"partner-website\"><div class=\"partner-website\"><\/div><\/div><\/div><\/div><\/div><div class=\"partners-wrap  partner-69ddf14a99f93 \"><div class=\"partner-item\"><div class=\"roof-picture\"><img decoding=\"async\" src=\"https:\/\/maycaolongheo.com\/wp-content\/uploads\/2022\/10\/kh9.png\" alt=\"\"><\/div><div class=\"partner-info\"><h5 class=\"partner-title\"><\/h5><div class=\"partner-website\"><div class=\"partner-website\"><\/div><\/div><\/div><\/div><\/div><div class=\"partners-wrap  partner-69ddf14a99fc9 \"><div class=\"partner-item\"><div class=\"roof-picture\"><img decoding=\"async\" src=\"https:\/\/maycaolongheo.com\/wp-content\/uploads\/2022\/10\/kh9.png\" alt=\"\"><\/div><div class=\"partner-info\"><h5 class=\"partner-title\"><\/h5><div class=\"partner-website\"><div class=\"partner-website\"><\/div><\/div><\/div><\/div><\/div>[vc_separator css=&#8221;.vc_custom_1497255420102{margin-top: 40px !important;margin-right: 0px !important;margin-bottom: 0px !important;margin-left: 0px !important;padding-top: 0px !important;padding-right: 0px !important;padding-bottom: 0px !important;padding-left: 0px !important;}&#8221;][\/vc_column][vc_column width=&#8221;1\/4&#8243;]<div class=\"partners-wrap  partner-69ddf14a99ff7 \"><div class=\"partner-item\"><div class=\"roof-picture\"><img decoding=\"async\" src=\"https:\/\/maycaolongheo.com\/wp-content\/uploads\/2022\/10\/kh7.jpg\" alt=\"\"><\/div><div class=\"partner-info\"><h5 class=\"partner-title\"><\/h5><div class=\"partner-website\"><div class=\"partner-website\"><\/div><\/div><\/div><\/div><\/div><div class=\"partners-wrap  partner-69ddf14a9a2d2 \"><div class=\"partner-item\"><div class=\"roof-picture\"><img decoding=\"async\" src=\"https:\/\/maycaolongheo.com\/wp-content\/uploads\/2022\/10\/kh7.jpg\" alt=\"\"><\/div><div class=\"partner-info\"><h5 class=\"partner-title\"><\/h5><div class=\"partner-website\"><div class=\"partner-website\"><\/div><\/div><\/div><\/div><\/div><div class=\"partners-wrap  partner-69ddf14a9a30c \"><div class=\"partner-item\"><div class=\"roof-picture\"><img decoding=\"async\" src=\"https:\/\/maycaolongheo.com\/wp-content\/uploads\/2022\/10\/kh7.jpg\" alt=\"\"><\/div><div class=\"partner-info\"><h5 class=\"partner-title\"><\/h5><div class=\"partner-website\"><div class=\"partner-website\"><\/div><\/div><\/div><\/div><\/div><div class=\"partners-wrap  partner-69ddf14a9a349 \"><div class=\"partner-item\"><div class=\"roof-picture\"><img decoding=\"async\" src=\"https:\/\/maycaolongheo.com\/wp-content\/uploads\/2022\/10\/kh7.jpg\" alt=\"\"><\/div><div class=\"partner-info\"><h5 class=\"partner-title\"><\/h5><div class=\"partner-website\"><div class=\"partner-website\"><\/div><\/div><\/div><\/div><\/div>[\/vc_column][vc_column width=&#8221;1\/4&#8243;]<div class=\"partners-wrap  partner-69ddf14a9a379 \"><div class=\"partner-item\"><div class=\"roof-picture\"><img decoding=\"async\" src=\"https:\/\/maycaolongheo.com\/wp-content\/uploads\/2022\/10\/kh8.png\" alt=\"\"><\/div><div class=\"partner-info\"><h5 class=\"partner-title\"><\/h5><div class=\"partner-website\"><div class=\"partner-website\"><\/div><\/div><\/div><\/div><\/div><div class=\"partners-wrap  partner-69ddf14a9a87f \"><div class=\"partner-item\"><div class=\"roof-picture\"><img decoding=\"async\" src=\"https:\/\/maycaolongheo.com\/wp-content\/uploads\/2022\/10\/kh8.png\" alt=\"\"><\/div><div class=\"partner-info\"><h5 class=\"partner-title\"><\/h5><div class=\"partner-website\"><div class=\"partner-website\"><\/div><\/div><\/div><\/div><\/div><div class=\"partners-wrap  partner-69ddf14a9a8b5 \"><div class=\"partner-item\"><div class=\"roof-picture\"><img decoding=\"async\" src=\"https:\/\/maycaolongheo.com\/wp-content\/uploads\/2022\/10\/kh8.png\" alt=\"\"><\/div><div class=\"partner-info\"><h5 class=\"partner-title\"><\/h5><div class=\"partner-website\"><div class=\"partner-website\"><\/div><\/div><\/div><\/div><\/div><div class=\"partners-wrap  partner-69ddf14a9a8e2 \"><div class=\"partner-item\"><div class=\"roof-picture\"><img decoding=\"async\" src=\"https:\/\/maycaolongheo.com\/wp-content\/uploads\/2022\/10\/kh8.png\" alt=\"\"><\/div><div class=\"partner-info\"><h5 class=\"partner-title\"><\/h5><div class=\"partner-website\"><div class=\"partner-website\"><\/div><\/div><\/div><\/div><\/div>[\/vc_column][vc_column width=&#8221;1\/4&#8243;]<div class=\"partners-wrap  partner-69ddf14a9a90e \"><div class=\"partner-item\"><div class=\"roof-picture\"><img decoding=\"async\" src=\"https:\/\/maycaolongheo.com\/wp-content\/uploads\/2022\/10\/kh5.png\" alt=\"\"><\/div><div class=\"partner-info\"><h5 class=\"partner-title\"><\/h5><div class=\"partner-website\"><div class=\"partner-website\"><\/div><\/div><\/div><\/div><\/div><div class=\"partners-wrap  partner-69ddf14a9ada3 \"><div class=\"partner-item\"><div class=\"roof-picture\"><img decoding=\"async\" src=\"https:\/\/maycaolongheo.com\/wp-content\/uploads\/2022\/10\/kh5.png\" alt=\"\"><\/div><div class=\"partner-info\"><h5 class=\"partner-title\"><\/h5><div class=\"partner-website\"><div class=\"partner-website\"><\/div><\/div><\/div><\/div><\/div><div class=\"partners-wrap  partner-69ddf14a9add9 \"><div class=\"partner-item\"><div class=\"roof-picture\"><img decoding=\"async\" src=\"https:\/\/maycaolongheo.com\/wp-content\/uploads\/2022\/10\/kh5.png\" alt=\"\"><\/div><div class=\"partner-info\"><h5 class=\"partner-title\"><\/h5><div class=\"partner-website\"><div class=\"partner-website\"><\/div><\/div><\/div><\/div><\/div><div class=\"partners-wrap  partner-69ddf14a9ae05 \"><div class=\"partner-item\"><div class=\"roof-picture\"><img decoding=\"async\" src=\"https:\/\/maycaolongheo.com\/wp-content\/uploads\/2022\/10\/kh5.png\" alt=\"\"><\/div><div class=\"partner-info\"><h5 class=\"partner-title\"><\/h5><div class=\"partner-website\"><div class=\"partner-website\"><\/div><\/div><\/div><\/div><\/div>[\/vc_column][\/vc_row]<\/p>\n","protected":false},"excerpt":{"rendered":"[vc_row][vc_column][\/vc_column][\/vc_row][vc_row overlay_dotted=&#8221;&#8221;][vc_column][vc_column_text css=&#8221;.vc_custom_1595225902221{margin-top: 50px !important;margin-right: 0px !important;margin-bottom: 0px !important;margin-left: 0px !important;border-top-width: 0px !important;border-right-width: 0px !important;border-bottom-width: 0px !important;border-left-width: 0px !important;padding-top: 0px !important;padding-right: 0px !important;padding-bottom: 0px !important;padding-left: 0px !important;}&#8221;][\/vc_column_text][\/vc_column][\/vc_row][vc_row][vc_column width=&#8221;1\/4&#8243; css=&#8221;.vc_custom_1497255310694{margin-top: 0px !important;margin-bottom: 0px !important;padding-top: 0px !important;padding-bottom: 0px !important;}&#8221;][vc_separator css=&#8221;.vc_custom_1497255420102{margin-top: 40px !important;margin-right: 0px !important;margin-bottom: 0px !important;margin-left: 0px !important;padding-top: 0px !important;padding-right: 0px !important;padding-bottom: 0px !important;padding-left: 0px !important;}&#8221;][\/vc_column][vc_column width=&#8221;1\/4&#8243;][\/vc_column][vc_column[&#8230;]","protected":false},"author":1,"featured_media":0,"parent":0,"menu_order":0,"comment_status":"closed","ping_status":"closed","template":"","meta":{"footnotes":""},"class_list":["post-510","page","type-page","status-publish","hentry"],"_links":{"self":[{"href":"https:\/\/maycaolongheo.com\/index.php?rest_route=\/wp\/v2\/pages\/510","targetHints":{"allow":["GET"]}}],"collection":[{"href":"https:\/\/maycaolongheo.com\/index.php?rest_route=\/wp\/v2\/pages"}],"about":[{"href":"https:\/\/maycaolongheo.com\/index.php?rest_route=\/wp\/v2\/types\/page"}],"author":[{"embeddable":true,"href":"https:\/\/maycaolongheo.com\/index.php?rest_route=\/wp\/v2\/users\/1"}],"replies":[{"embeddable":true,"href":"https:\/\/maycaolongheo.com\/index.php?rest_route=%2Fwp%2Fv2%2Fcomments&post=510"}],"version-history":[{"count":13,"href":"https:\/\/maycaolongheo.com\/index.php?rest_route=\/wp\/v2\/pages\/510\/revisions"}],"predecessor-version":[{"id":2516,"href":"https:\/\/maycaolongheo.com\/index.php?rest_route=\/wp\/v2\/pages\/510\/revisions\/2516"}],"wp:attachment":[{"href":"https:\/\/maycaolongheo.com\/index.php?rest_route=%2Fwp%2Fv2%2Fmedia&parent=510"}],"curies":[{"name":"wp","href":"https:\/\/api.w.org\/{rel}","templated":true}]}}